= y + -20. What is the units digit of i?
5
Let t(l) = -l**3 - 6*l**2 + 27*l + 11. What is the units digit of t(-9)?
1
What is the tens digit of (-6 + 2)*95/(-10)?
3
Suppose -3*f + 5*p - 4*p = -4, -23 = -f - 4*p. Suppose f*u - 13 = 5*a, -5*a - u = u + 8. What is the units digit of (-3)/(0 - 3) - a?
3
Let a be 3/(-4) + (-14)/(-8). Let v(i) = 15*i**3 + 1. What is the tens digit of v(a)?
1
Let w(i) = 89*i**2 + 1. What is the tens digit of w(1)?
9
What is the units digit of 6 - 9 - 1*-1*4?
1
Let r(t) = 10*t**2 + t + 24. What is the tens digit of r(6)?
9
Suppose 0*i = i - 94. What is the tens digit of i?
9
Let c(j) = -4*j + 7. Let h be c(-7). Suppose 5*w = 10*w - h. What is the units digit of w?
7
Let v(o) = o**3 + 2*o**2 - 4*o. Let g(d) = -2*d + 3. Let l be g(3). Let z be v(l). Let s(m) = 3*m - 1. What is the units digit of s(z)?
8
Suppose 4*q - 3*f = 2*f - 10, 10 = 5*f. Suppose -h = 2 - q. Let a = 6 + h. What is the units digit of a?
4
Suppose 0*r = d - 2*r + 6, 4*d + r - 21 = 0. What is the units digit of d?
4
Let t(c) = -8*c. Let j be t(2). Let n be -3*(j/6)/4. What is the units digit of 2*n/(2 + 2)?
1
Let z(u) = -u**3 + 8*u**2 + 10*u - 6. Suppose -19 = -3*v + 8. What is the units digit of z(v)?
3
Suppose -4*d - 3*z = -14, 5*z + 7 + 3 = 0. Let k(j) = -j**3 + 5*j**2 + 3*j - 5. Let t be k(d). Suppose -t + 35 = 5*m. What is the units digit of m?
5
Suppose 0 = 4*h - 8, -3*z + 3*h - 8*h = -19. Let r(c) = c**3 - 2*c**2 + c - 1. What is the units digit of r(z)?
1
Suppose 2*y - y - 409 = -3*i, 3*i + 3*y - 399 = 0. Suppose 0 = 3*t - t - i. Suppose 2*s - 2*c = 30, 9*s = 4*s + 2*c + t. What is the units digit of s?
3
Let x = 3 - 2. Let i be x + 0 + -1 - 15. What is the units digit of (4/10)/((-1)/i)?
6
Let w(h) = -2*h**2 + 7*h + 3. Let m(s) = -s**2 + s + 1. Let l(t) = -5*m(t) + w(t). What is the units digit of l(-2)?
6
Let p = -10 + 24. Let b be 4/(-10) + ((-16)/(-10))/4. What is the units digit of b + p + 1 + -1?
4
Suppose 114 = 3*l - 4*q, 3*l + 0*q = -q + 129. What is the units digit of l?
2
Let s(j) = 84*j**2 - 2*j + 2. What is the units digit of s(1)?
4
Suppose 2*n = -2*k + 4, -4*k - 4*n = -k - 5. Let a be (k/2)/((-5)/230). What is the units digit of 2/6 - a/9?
8
Suppose -4*l = -l - 12. Suppose -5*r - 4*w + 68 = 0, -l*r + 3*w + 40 = -w. What is the units digit of r?
2
Let h = 3 + 1. Let v be 2/(2/4*h). Let z = v - -3. What is the units digit of z?
4
Let s be (-2 - -8) + 1*-1. Let f be 1 + s/(15/6). Let j(n) = 5*n - 4. What is the tens digit of j(f)?
1
Suppose 9*v - 100 = 5*v. What is the units digit of v?
5
Let u be 58/(-4) + (-9)/(-18). What is the tens digit of 36/2 - (14 + u)?
1
Let y(q) = -2*q - 2 + 3*q + 4 + 2. Suppose -3*g + 2*a - 6 = 0, -a + 3 = -3*g - 2*g. What is the units digit of y(g)?
4
Let s = -380 - -539. What is the tens digit of s?
5
Let d(s) = 4*s. Let f be d(-4). Let y be 9/6*16/(-3). Let z = y - f. What is the units digit of z?
8
Let d be -25*3/(-3) + 2. Suppose -4*t + k - 6 + d = 0, -4*k - 6 = -3*t. What is the units digit of -3 + t - 2/2?
2
Suppose -4*n = -3*z - 511, -2*n = -0*n + 2*z - 252. What is the tens digit of n?
2
Suppose -2 = 3*o - 4*o. Suppose -2*m = -2*z + 8, -m = -o*z - 4*m - 7. What is the units digit of z?
1
Suppose 5*c = 7*c - 16. What is the units digit of c?
8
Suppose -4*d + 698 = 2*y, -3*d = -3*y - 185 - 343. Suppose 5*z - 4*x = d, x + 170 = 5*z - 4*x. What is the tens digit of z?
3
Suppose 2*i - 6*i = 4*d - 20, 4*d = 3*i - 15. Let a = 7 - i. Suppose -a*w + 4*g = -24, 23 - 3 = 4*w - g. What is the units digit of w?
4
Suppose 4*n = 2*n + 12. Suppose n*w - 2*w - 15 = 5*a, -w - 5*a = -10. Suppose 3*j = w*v, 0 = -3*j + 3*v + 2 + 4. What is the units digit of j?
5
Let c(l) = l**2 - l - 3. What is the units digit of c(-3)?
9
Suppose 2*b - q + 2*q - 31 = 0, -5*q = -4*b + 55. What is the units digit of b?
5
Let o(a) = -a - 1. Let m be o(-7). Let n be (m/(-5))/(6/(-40)). Suppose 0*v + n = v. What is the units digit of v?
8
Let c(a) = 6*a**2 - 4*a + 4. What is the tens digit of c(2)?
2
Let f(q) = q**2 - 4*q**3 + 3*q**3 + 8 + q + 4. Let n be f(0). Suppose 3*j - 2*g - 8 - 3 = 0, 0 = -3*g - n. What is the units digit of j?
1
Let m be -1*(-1 - 7)/(-2). What is the units digit of (m/6)/((-10)/105)?
7
What is the units digit of (5/(10/96))/((-16)/(-24))?
2
Suppose -3 = 2*r - 7. Suppose -4*n - 11 = i + r, 4*n + 10 = -2*i. What is the units digit of i?
3
Suppose 2*w + 12 = 5*w. What is the units digit of 2/w*(2 + 0)?
1
Suppose 0*i + 6*i = 366. What is the units digit of i?
1
Suppose -l + 23 = -5. Let r = -15 + l. What is the units digit of r?
3
Let m = -35 - -75. What is the units digit of ((-6)/8)/((-5)/m)?
6
Suppose -20 - 11 = 4*w + 3*d, -3*d = -w + 11. Let v = 21 + w. What is the units digit of v?
7
Let l(k) = 6*k + 4. Let o(u) = 5*u + 3. Let m(a) = 4*l(a) - 5*o(a). Let r(w) = 6*w - 5. Let b(x) = -11*m(x) - 2*r(x). What is the units digit of b(-4)?
3
Let v(p) = -32 + 24 + p - 3*p. Let y = -12 - -6. What is the units digit of v(y)?
4
Suppose 3*c + 132 = 5*p, c + 4*c = -p + 4. What is the units digit of p?
4
Let s(b) = b**3 + 4*b**2 + 2*b + 5. Let n be s(-4). Let o(d) = 5*d**2 - 6. What is the tens digit of o(n)?
3
Let o(x) be the second derivative of x**3/6 + 4*x**2 + 3*x. Let r be o(-6). Suppose -4*l - 32 = 4*n - 6*n, -3*n + r*l = -40. What is the tens digit of n?
1
Let w = 7 + -6. Suppose q + w = 6. What is the units digit of q?
5
Let f(r) = -r - 1. Let i be f(7). Let s = 21 + i. Suppose 4*x = s + 15. What is the units digit of x?
7
Let m(g) be the second derivative of 1/3*g**3 + 1/12*g**4 + 1/2*g**2 + 0 + g. What is the units digit of m(-3)?
4
Let n = -3 - -3. Suppose a - 5 = -n*a. What is the units digit of a?
5
Let d = -189 + 111. Let w = 133 + d. Suppose 2*n - w = -3*n. What is the units digit of n?
1
Let a be (12/30)/(1/5). Let q = a + 0. Let r = q - -3. What is the units digit of r?
5
Let j(o) be the first derivative of 2*o**2 - 2*o - 1. Let h be j(-8). What is the units digit of h/((4/(-1))/2)?
7
Suppose 0*u + 868 = 4*u. What is the tens digit of u?
1
What is the tens digit of (-4)/14 + 632/7?
9
Suppose -341 = -3*l - 5. What is the units digit of l?
2
Suppose -m + 375 = 3*m - b, -3*b - 467 = -5*m. What is the tens digit of m?
9
Suppose -4*d + 2*d + 6 = 0. Suppose 4*g = -d*l + 14, -5*g + 33 = -0*l - 4*l. Suppose -i + 7 = n, 2*n + 12 + 30 = g*i. What is the units digit of i?
8
Suppose 0 = 2*c - c - l - 38, -3*c = -l - 116. What is the units digit of c?
9
Let z(o) = -2*o**3 - 3*o**2 + o + 2. Suppose 2*q + 2 = 16. Let f = 5 - q. What is the units digit of z(f)?
4
Suppose o - 29 = 3*r - 4*o, -4*r - 2*o = 82. What is the tens digit of 243/r*(-8)/6?
1
Suppose -2 = -4*u + 18, -5*c + 230 = 3*u. What is the units digit of c?
3
Let v be 65*(2 + 18/(-15)). Suppose 0 = 2*t - 4 - v. What is the units digit of t?
8
Suppose 4*q - 150 - 258 = 0. Suppose -n + 4*n = q. What is the units digit of n?
4
Let b(h) = h - 3. Let z be b(-3). Let m(g) = -g**2 - g + 2. Let v be m(-2). Let w = v - z. What is the units digit of w?
6
Let c(f) = -23*f. Let b be 6/9*3/(-2). What is the tens digit of c(b)?
2
Suppose 19 = 3*m - 2*m. Let z = -2 + m. What is the units digit of z?
7
Suppose 4*z = 4*r - 12, -3*z - 21 = -2*r - 3*r. What is the units digit of r?
6
Let x be (-160)/(-12)*3/2. What is the units digit of x/(-6)*1*-3?
0
Suppose -14*k = -15*k + 45. What is the tens digit of k?
4
Let u = -25 + 33. What is the units digit of u?
8
Let p be 4/(-6) - (-52)/6. Let s = -5 + p. What is the units digit of s?
3
Suppose m = -29 - 8. Let x = m - -68. What is the tens digit of x?
3
Let x be 1*3/(3/4). Suppose -2*b = -x*b. Suppose b = -5*l - 0*l - 3*j + 22, -5*l = -3*j - 28. What is the units digit of l?
5
Let y(v) = -v**3 + 9*v**2 + 12*v - 7. What is the tens digit of y(10)?
1
Suppose 742 = 4*v + 3*v. What is the units digit of v?
6
Suppose -i - 9 = -5*h, 2*h + 13 = -i + 4. Let x = 22 + i. What is the units digit of x?
3
Suppose 19 - 7 = -3*c. Let l(d) = 2*d**2 + 7*d + 6. What is the units digit of l(c)?
0
Let h(i) = 4*i**2 - 9*i - 2. Let q(j) = 5*j**2 - 8*j - 1. Let n(m) = -6*h(m) + 5*q(m). What is the units digit of n(-14)?
7
Suppose -13 = -4*b - 3*i, 1 = -3*b + 2*i + 15. Suppose -3*f + b*q = -19, -4*f - q = -2*f - 20. What is the units digit of f?
9
Let r(